6 = -3*j, 0 = -3*h + 2*j - j - 10. Let x = 6 + h. Suppose -t = -4*g - 14, 6*t + 49 = x*t - 5*g. Give k(t).
-3
Let m(j) be the second derivative of j**5/20 + 31*j**4/12 + j**3/3 + 51*j**2/2 + j - 280. Calculate m(-31).
-11
Let v(s) be the third derivative of 5/24*s**4 - 1/60*s**5 + 21*s**2 + 0 + 0*s - 1/2*s**3. Calculate v(4).
1
Let b = 41 + -26. Let l(h) = -3*h**2 - b*h + 3 - h**2 + 10*h + 5*h**2. Let a be ((-9)/6)/((-6)/16). Give l(a).
-1
Let f(i) = 2*i**2 - 4*i - 6. Let y(k) = 5*k**2 - 13*k - 18. Let v(m) = 8*f(m) - 3*y(m). Give v(-6).
0
Let p(y) = y**3 - 8*y**2 - 8*y - 7. Let m be p(9). Suppose -4*a + 23 = k, 0 = -4*k + a + 16 + 8. Let f(t) = k + 6*t + 4*t**2 - 5*t**m - 9*t. What is f(-5)?
-3
Let p(q) = 5*q + 2. Let d(w) be the second derivative of -11*w**3/6 - 5*w**2/2 - 8*w. Let z be (-5)/3 - 2/6. Let u(x) = z*d(x) - 5*p(x). Give u(2).
-6
Let f = 84 - 17. Let i = -76 + f. Let t(k) = k**3 + 10*k**2 + 9*k - 2. Calculate t(i).
-2
Let i(b) = b**2 - 8*b - 7. Suppose -27*c = -24*c - 21. Determine i(c).
-14
Let r(s) = -2*s**2 + 19*s - 44. Let f be r(6). Let c(w) = 13*w**2 + 1. Give c(f).
53
Let p(b) = -17*b**3 - b**2 - b - 1. Let h = -145 - -144. What is p(h)?
16
Let h(y) = 7*y + 3. Let j(x) = -11*x - 5. Let c(a) = 8*h(a) + 5*j(a). Suppose -3*b = b + 112. Let k be (-3)/(-4) + (-7)/b. Determine c(k).
0
Let p(y) = 3*y**2 + 2*y. Let n(x) = 13*x**2 + 9*x - 5. Let b(m) = n(m) - 6*p(m). Determine b(-2).
-19
Let a(s) = s**2 + 8*s - 3. Let i be 5456/56 + 9/(-21). Suppose 5*h + o - i = 4*o, -4*o = -3*h + 67. Suppose -11 = 4*k + h. Give a(k).
-10
Let w be (-4)/10*25/(20/4). Let u be -2 + (w - (-3 + 5)). Let a(v) = -v**3 - 7*v**2 - 8*v - 3. Determine a(u).
9
Let v(h) be the second derivative of h**7/420 - h**5/60 + h**4/12 + 13*h**3/6 - 3*h. Let q(j) be the second derivative of v(j). Calculate q(2).
14
Let c(f) be the second derivative of f**4/12 - f**3/6 - f**2/2 + 99*f. Let z = 8 - 2. Let r = z + -8. Determine c(r).
5
Let s(k) = -k**3 + 6*k**2 + 4*k - 4. Let n be (4/10)/(47/705). Calculate s(n).
20
Let p(b) = -3*b**2 + 10*b - 18. Suppose 3*j + 3*y = -12, 3*j - 2*y - 11 = -28. Let v(o) = 11 - 7*o + 1 + 2*o**2 + 0. Let c(n) = j*p(n) - 8*v(n). Give c(6).
-6
Let x(y) = y**3 + 9*y**2 - 9*y - 2. Let v be 10/((-9)/(9/1)). Calculate x(v).
-12
Let x(u) = u**2 + 2*u + 3. Let h(j) = -3*j - 75. Let p be h(-24). What is x(p)?
6
Let b(j) be the second derivative of 6*j + 0*j**2 - 1/6*j**3 + 0. Let q be -2 + 2 + 1 + -3. Give b(q).
2
Let s(j) = j**3 - 9*j**2 - 3*j + 5. Let i = 50 - 55. Let x(t) = -t**3 + 10*t**2 + 3*t - 5. Let n(z) = i*x(z) - 6*s(z). What is n(4)?
7
Let i(h) be the first derivative of h**4/4 + 4*h**3/3 + h**2 + 3*h - 21. Let v be ((-52)/12)/(1/(-3)). Suppose 5*o + v = -7. Give i(o).
-5
Let b(z) = 5*z**2 + 2*z + 6. Let j(r) = -r**3. Let a(v) = -b(v) - j(v). What is a(5)?
-16
Let h = -15 + 20. Suppose 2*z - 3 = -h. Let m = z - -3. Let c(g) = -5*g + 2. Give c(m).
-8
Let l(w) = w**2 + 4*w + 3. Let j = 33 - 31. Suppose j = -4*u - 6. Determine l(u).
-1
Let q(b) = -b**3 - b**2. Let c(o) = 9*o**3 + 8*o**2 - 4*o - 4. Let y(n) = c(n) + 6*q(n). Calculate y(-2).
-12
Let c(p) = -p**2 - 12*p + 16. Let j(s) = s**2 + 7*s - 4. Let u be j(-5). Give c(u).
-12
Let t be 2/1*1/1. Suppose -p + 0*h - 2*h - t = 0, -4*p - 3*h = 3. Let d(a) = a**3 - a**2 + a - 6. Calculate d(p).
-6
Let x(k) = 3 - k**3 + 4*k**2 + 0 - 2*k**2. Let q be x(3). Let c(f) = -2*f - 10. Let n(y) = 3*y + 14. Let b(t) = -9*c(t) - 7*n(t). Determine b(q).
10
Let l(n) be the second derivative of -n**4/6 + n**3/3 - 3*n**2/2 + 527*n. Determine l(3).
-15
Let f(d) = -3*d**2 + 14*d + 1. Let g(i) = -2*i**2 + 9*i + 1. Let m(r) = -5*f(r) + 8*g(r). Let p be m(4). Let y(u) = -1 - u + 7 + 4*u - 5*u + 3*u. Give y(p).
1
Let g(t) = -8*t - t**3 + 5*t + 3 + 2 - 8*t - 11*t**2. Calculate g(-10).
15
Let i(o) = o**3 - 3*o**2 + 2*o - 1. Let h = 13 - 6. Let y be 2*12/(-8) + 0 + 5. Suppose -y*g = -h*g + 10. Calculate i(g).
-1
Suppose -2*w - j + 30 = 3*j, -4*w + 35 = 3*j. Let u(r) = r - 3*r - w + 0 - r**2 - 4*r. What is u(-4)?
3
Let a(z) be the third derivative of z**4/24 + z**3 + 9*z**2. Suppose 0 = -7*w + 3*w - 28. Determine a(w).
-1
Let n(j) be the second derivative of 2/3*j**3 + 4*j**2 + 5*j + 0. Determine n(-6).
-16
Let c(a) = 2*a**2 - 5*a - 9*a + 16*a + 3*a**3 + 1. Let l(r) = 3*r + 2*r - 3*r**2 + 2*r**2 + 0*r**2 - 1. Let o be l(5). What is c(o)?
-2
Let h(r) be the first derivative of r**2/2 + 11*r - 25. Calculate h(-15).
-4
Let m(g) = 5*g - 1. Let v(n) = 14*n - 4. Let q(a) = 11*m(a) - 4*v(a). Let p be 3/2 + 80/32. Suppose 2*r - x + 0*x = -1, p*r = 5*x - 5. Give q(r).
5
Let k be (200/(-175))/(4/42). Let z(f) = -2*f**3 - 25*f**2 - 9*f + 36. Determine z(k).
0
Let l(t) = 6*t**2 + 79*t - 4. Let c(y) = 2*y**2 + 28*y - 1. Let z(g) = -11*c(g) + 4*l(g). Calculate z(-7).
37
Let x(j) = 3*j - 8 - 2*j + 9*j**2 + 6*j + j**3. Let g(o) = 7*o + 6. Let d be g(-2). What is x(d)?
0
Suppose -50*q + 63 = -29*q. Let f = 3 + -1. Let j(m) = 2*m**2 - 2 - 2 - m**f - 2*m. Give j(q).
-1
Let i(x) = x**2 + 16*x + 3. Let y be i(-16). Let z(l) = l + y*l + 0*l + 5 - 2*l. Give z(-6).
-7
Let f(a) be the third derivative of 0 + 1/24*a**4 - 1/2*a**3 + 0*a + 18*a**2. Give f(8).
5
Let t = 9 + -4. Let f be ((0 - 4) + t)*2. Let a(q) = 3*q**2 + q + q**f - 3*q**2. Calculate a(2).
6
Let o be (-1)/(-4) - 6/(-8). Let z = 156 - 104. Let t(u) = -3*u**2 - 6*u**2 + 51*u - z*u. Calculate t(o).
-10
Let q be 544/340*(-10)/4*-1. Let y(w) be the third derivative of 0 - 3/2*w**3 + 2*w**2 - 1/12*w**q + 0*w. Give y(-6).
3
Suppose 5*w - 2*w = 4*y, 3*y + 3*w = 0. Let c(i) = -i**3 - i**2 + 2*i - 12. Calculate c(y).
-12
Suppose 3*d - 5*u - 71 = 0, -5*d + 62 = 2*u - 46. Let o be 3*(-4 - d/(-6)). Let a(v) = 3*v. What is a(o)?
-3
Let v = -6 + 8. Suppose 4*u - 5*f + 0 = -5, v*u = 5*f - 5. Suppose u = -6*a + a. Let k(o) = -o - 15. Calculate k(a).
-15
Let d(v) = 4*v + 12. Let c be d(-2). Suppose -p + 3*k + 21 = -6*p, -2*p + k - c = 0. Let h(f) = -2*f + f**3 + 0*f**2 + 3*f**2 - 2 + 1. Give h(p).
5
Suppose 5*b = 4*u + 9, 0 = 2*u - 4*b + 2 + 10. Let h(m) = -11*m**2 + 42*m + 3. Determine h(u).
-5
Let u(o) = 3*o + 20. Let i be -3 + -4 + (2/(-1) - 0). Give u(i).
-7
Let z(g) = -g - 13. Let m be -1*(4 + -5 + 1 + 0). Give z(m).
-13
Let r(n) = -4*n**2 + 2*n + 6. Let d(v) = -8*v**2 + 4*v + 14. Let z(q) = -3*d(q) + 7*r(q). Give z(-2).
-20
Let r(b) be the first derivative of b**3/3 - b**2/2 - b - 2. Let f(h) = h**3 - h**2 - h - 1. Let d be f(-1). Calculate r(d).
5
Let z(b) = b**2 + 5*b + 3. Let d(j) = j - 15. Let r be 3 + -7 - -6 - -4. Suppose -r*x + 5*x + 9 = 0. Let i be d(x). Determine z(i).
9
Let x(j) = -j**3 - 16*j**2 - 16*j + 9. Suppose -5*q - 5*s - 70 = 0, 4*q + 2*s + 60 - 2 = 0. What is x(q)?
24
Let s(f) = 3*f + 28. Suppose -37*p - 260 - 110 = 0. Give s(p).
-2
Let a(b) be the third derivative of 0*b + 3*b**2 + 1/12*b**4 - 2/3*b**3 + 0. Suppose 0 = 5*f - 16*f + 44. Calculate a(f).
4
Let q(s) = -s**2 + s. Let p(i) = -6*i**2 + 7*i - 26. Let j(f) = p(f) - 4*q(f). Let r(y) be the first derivative of j(y). Calculate r(2).
-5
Let m(r) = r**2 - 8*r + 2. Suppose 8 = -2*c - 4*b + 32, 3*b = c - 2. What is m(c)?
2
Let o be (6/(-9))/((-84)/(-45) + -2). Suppose -5*c - 15 = 0, 3*d - c - o = 1. Let n(b) be the second derivative of 3*b**3/2 - b**2/2 - b. Give n(d).
8
Let g be (-21 - -19)*(-6)/(-4). Let h(s) = -4*s - 9. What is h(g)?
3
Let p(s) be the second derivative of s**5/20 + s**4/2 + s**3/2 + 7*s**2/2 - 7*s - 2. What is p(-6)?
-11
Let z(a) = -17*a - 15. Let m(j) = -8*j - 7. Let w(s) = -13*m(s) + 6*z(s). Suppose 12 = -3*p - 6. Let x(v) = -v**2 - 6*v - 1. Let u be x(p). Determine w(u).
-1
Suppose -4*i + 9 = f - 2*i, 0 = 4*f + i - 15. Suppose q + f - 5 = 0. Suppose 5*j - 3 = q. Let l(k) = -3*k**2 + 2*k - 1. Give l(j).
-2
Let q(p) = p**3 + 4*p**2 + 3*p. Let u(s) = s**2 - 5*s + 6. Let o be u(3). Let m = o + -2. Determine q(m).
2
Let h = -204 + 189. Suppose -4*b + 3*u = 62, -3*b + 4*b + 4*u + 6 = 0. Let w = h - b. Let p(n) = -7*n**2 + 2*n + 1. Determine p(w).
-8
Suppose -16 = 4*s, t + s - 2 = -6. Let b(z) be the first derivative of -z**2/2 - 8*z - 1618. Calculate b(t).
-8
Let k(t) = 11*t - 1. Let r(d) = -d. Let y(b) = -k(b) - 5*r(b). Let x = -11 - -12. Calculate y(x).
-5
Let w(l) = 4*l + 37. Let t be w(-8). Let h(